{"id":2168,"date":"2024-06-10T13:27:04","date_gmt":"2024-06-10T11:27:04","guid":{"rendered":"https:\/\/avanea.ch\/ultime-notizie\/"},"modified":"2024-08-14T11:46:15","modified_gmt":"2024-08-14T09:46:15","slug":"ultime-notizie","status":"publish","type":"page","link":"https:\/\/avanea.ch\/it\/ultime-notizie\/","title":{"rendered":"Ultime notizie"},"content":{"rendered":"\n<h3 class=\"wp-block-heading\">Qui troverai le ultime notizie e gli sviluppi relativi ai nostri servizi e al mondo della previdenza professionale.\nChe si tratti di importanti modifiche legislative, nuove opzioni di investimento o eventi, ti terremo sempre aggiornato. <\/h3>\n<div class=\"gb-container gb-container-3afb82a9\">\n\n<div class=\"gb-grid-wrapper gb-grid-wrapper-1dbc0303 gb-query-loop-wrapper\">\n<div class=\"gb-grid-column gb-grid-column-353c815f gb-query-loop-item post-2237 post type-post status-publish format-standard hentry category-non-categorizzato\"><div class=\"gb-container gb-container-353c815f\">\n\n\n<h2 class=\"gb-headline gb-headline-97235ab0 post_title gb-headline-text\"><a href=\"https:\/\/avanea.ch\/it\/linnovazione-del-fondo-pensione-avanea-adesione-esterna-per-fasi-di-vita-flessibili\/\">L&#8217;innovazione di Avanea Cassa Pensioni: adesione esterna per fasi di vita flessibili<\/a><\/h2>\n\n<p class=\"gb-headline gb-headline-a88f5181 gb-headline-text\"><time class=\"entry-date published\" datetime=\"2024-06-08T22:31:20+02:00\">8 Giugno 2024<\/time><\/p>\n\n<div class=\"gb-headline gb-headline-7968192c gb-headline-text\">Siamo lieti di presentarvi un&#8217;importante novit\u00e0 Avanea Cassa Pensioni: L&#8217;adesione esterna \u00e8 ora possibile! Questa opzione \u00e8 rivolta agli assicurati &#8230; <a title=\"L&#8217;innovazione di Avanea Cassa Pensioni: adesione esterna per fasi di vita flessibili\" class=\"read-more\" href=\"https:\/\/avanea.ch\/it\/linnovazione-del-fondo-pensione-avanea-adesione-esterna-per-fasi-di-vita-flessibili\/\" aria-label=\"Per saperne di pi\u00f9 su L&#8217;innovazione di Avanea Cassa Pensioni: adesione esterna per fasi di vita flessibili\">Read more<\/a><\/div>\n\n<p class=\"gb-headline gb-headline-cd39a51f single_post_link gb-headline-text\"><a href=\"https:\/\/avanea.ch\/it\/linnovazione-del-fondo-pensione-avanea-adesione-esterna-per-fasi-di-vita-flessibili\/\">Leggi tutto<\/a><\/p>\n<\/div><\/div>\n\n<div class=\"gb-grid-column gb-grid-column-353c815f gb-query-loop-item post-2233 post type-post status-publish format-standard hentry category-non-categorizzato\"><div class=\"gb-container gb-container-353c815f\">\n\n\n<h2 class=\"gb-headline gb-headline-97235ab0 post_title gb-headline-text\"><a href=\"https:\/\/avanea.ch\/it\/nuovo-capitale-in-caso-di-morte-del-fondo-pensione-avanea-sostegno-immediato-in-caso-di-lutto\/\">Nuovo capitale in caso di morte di Avanea Cassa Pensioni: sostegno immediato in caso di lutto<\/a><\/h2>\n\n<p class=\"gb-headline gb-headline-a88f5181 gb-headline-text\"><time class=\"entry-date published\" datetime=\"2024-06-08T22:26:48+02:00\">8 Giugno 2024<\/time><\/p>\n\n<div class=\"gb-headline gb-headline-7968192c gb-headline-text\">Siamo lieti di annunciare un&#8217;importante modifica al Fondo Pensione Avanea: Con effetto immediato, un capitale fisso in caso di decesso &#8230; <a title=\"Nuovo capitale in caso di morte di Avanea Cassa Pensioni: sostegno immediato in caso di lutto\" class=\"read-more\" href=\"https:\/\/avanea.ch\/it\/nuovo-capitale-in-caso-di-morte-del-fondo-pensione-avanea-sostegno-immediato-in-caso-di-lutto\/\" aria-label=\"Per saperne di pi\u00f9 su Nuovo capitale in caso di morte di Avanea Cassa Pensioni: sostegno immediato in caso di lutto\">Read more<\/a><\/div>\n\n<p class=\"gb-headline gb-headline-cd39a51f single_post_link gb-headline-text\"><a href=\"https:\/\/avanea.ch\/it\/nuovo-capitale-in-caso-di-morte-del-fondo-pensione-avanea-sostegno-immediato-in-caso-di-lutto\/\">Leggi tutto<\/a><\/p>\n<\/div><\/div>\n\n<div class=\"gb-grid-column gb-grid-column-353c815f gb-query-loop-item post-2243 post type-post status-publish format-standard hentry category-non-categorizzato\"><div class=\"gb-container gb-container-353c815f\">\n\n\n<h2 class=\"gb-headline gb-headline-97235ab0 post_title gb-headline-text\"><a href=\"https:\/\/avanea.ch\/it\/nuova-offerta-del-fondo-pensione-avanea-pensionamento-graduale-in-5-fasi\/\">Nuova offerta di Avanea Cassa Pensioni: pensionamento graduale in 5 fasi<\/a><\/h2>\n\n<p class=\"gb-headline gb-headline-a88f5181 gb-headline-text\"><time class=\"entry-date published\" datetime=\"2024-06-08T22:23:28+02:00\">8 Giugno 2024<\/time><\/p>\n\n<div class=\"gb-headline gb-headline-7968192c gb-headline-text\">Siamo lieti di presentarvi una soluzione innovativa e flessibile per il vostro passaggio alla pensione: il pensionamento graduale in 5 &#8230; <a title=\"Nuova offerta di Avanea Cassa Pensioni: pensionamento graduale in 5 fasi\" class=\"read-more\" href=\"https:\/\/avanea.ch\/it\/nuova-offerta-del-fondo-pensione-avanea-pensionamento-graduale-in-5-fasi\/\" aria-label=\"Per saperne di pi\u00f9 su Nuova offerta di Avanea Cassa Pensioni: pensionamento graduale in 5 fasi\">Read more<\/a><\/div>\n\n<p class=\"gb-headline gb-headline-cd39a51f single_post_link gb-headline-text\"><a href=\"https:\/\/avanea.ch\/it\/nuova-offerta-del-fondo-pensione-avanea-pensionamento-graduale-in-5-fasi\/\">Leggi tutto<\/a><\/p>\n<\/div><\/div>\n\n<div class=\"gb-grid-column gb-grid-column-353c815f gb-query-loop-item post-2150 post type-post status-publish format-standard hentry category-non-categorizzato\"><div class=\"gb-container gb-container-353c815f\">\n\n\n<h2 class=\"gb-headline gb-headline-97235ab0 post_title gb-headline-text\"><a href=\"https:\/\/avanea.ch\/it\/il-nuovo-modello-pensionistico-90-90-di-avanea-pensionskasse-una-previdenza-innovativa-per-un-futuro-sicuro\/\">Il nuovo modello pensionistico 90\/90 di Avanea Cassa Pensioni: una previdenza innovativa per un futuro sicuro<\/a><\/h2>\n\n<p class=\"gb-headline gb-headline-a88f5181 gb-headline-text\"><time class=\"entry-date published\" datetime=\"2024-06-08T22:18:30+02:00\">8 Giugno 2024<\/time><\/p>\n\n<div class=\"gb-headline gb-headline-7968192c gb-headline-text\">Siamo lieti di presentare il nostro nuovo modello pensionistico 90\/90, ora disponibile per tutti gli iscritti al Fondo Pensione Avanea. &#8230; <a title=\"Il nuovo modello pensionistico 90\/90 di Avanea Cassa Pensioni: una previdenza innovativa per un futuro sicuro\" class=\"read-more\" href=\"https:\/\/avanea.ch\/it\/il-nuovo-modello-pensionistico-90-90-di-avanea-pensionskasse-una-previdenza-innovativa-per-un-futuro-sicuro\/\" aria-label=\"Per saperne di pi\u00f9 su Il nuovo modello pensionistico 90\/90 di Avanea Cassa Pensioni: una previdenza innovativa per un futuro sicuro\">Read more<\/a><\/div>\n\n<p class=\"gb-headline gb-headline-cd39a51f single_post_link gb-headline-text\"><a href=\"https:\/\/avanea.ch\/it\/il-nuovo-modello-pensionistico-90-90-di-avanea-pensionskasse-una-previdenza-innovativa-per-un-futuro-sicuro\/\">Leggi tutto<\/a><\/p>\n<\/div><\/div>\n\n<div class=\"gb-grid-column gb-grid-column-353c815f gb-query-loop-item post-2143 post type-post status-publish format-standard hentry category-non-categorizzato\"><div class=\"gb-container gb-container-353c815f\">\n\n\n<h2 class=\"gb-headline gb-headline-97235ab0 post_title gb-headline-text\"><a href=\"https:\/\/avanea.ch\/it\/il-fondo-pensione-avanea-festeggia-e-tu-ne-benefici\/\">Avanea Cassa Pensioni festeggia e voi ne beneficate<\/a><\/h2>\n\n<p class=\"gb-headline gb-headline-a88f5181 gb-headline-text\"><time class=\"entry-date published\" datetime=\"2024-06-08T22:04:04+02:00\">8 Giugno 2024<\/time><\/p>\n\n<div class=\"gb-headline gb-headline-7968192c gb-headline-text\">Avanea Cassa Pensioni \u00e8 lieta di festeggiare quest&#8217;anno il suo 10\u00b0 anniversario. Sin dalla nostra fondazione nel 2014, ci siamo &#8230; <a title=\"Avanea Cassa Pensioni festeggia e voi ne beneficate\" class=\"read-more\" href=\"https:\/\/avanea.ch\/it\/il-fondo-pensione-avanea-festeggia-e-tu-ne-benefici\/\" aria-label=\"Per saperne di pi\u00f9 su Avanea Cassa Pensioni festeggia e voi ne beneficate\">Read more<\/a><\/div>\n\n<p class=\"gb-headline gb-headline-cd39a51f single_post_link gb-headline-text\"><a href=\"https:\/\/avanea.ch\/it\/il-fondo-pensione-avanea-festeggia-e-tu-ne-benefici\/\">Leggi tutto<\/a><\/p>\n<\/div><\/div>\n<\/div>\n\n<\/div>","protected":false},"excerpt":{"rendered":"<p>Qui troverai le ultime notizie e gli sviluppi relativi ai nostri servizi e al mondo della previdenza professionale. Che si &#8230; <a title=\"Ultime notizie\" class=\"read-more\" href=\"https:\/\/avanea.ch\/it\/ultime-notizie\/\" aria-label=\"Per saperne di pi\u00f9 su Ultime notizie\">Read more<\/a><\/p>\n","protected":false},"author":1,"featured_media":2069,"parent":0,"menu_order":0,"comment_status":"closed","ping_status":"closed","template":"","meta":{"_acf_changed":false,"inline_featured_image":false,"footnotes":""},"class_list":["post-2168","page","type-page","status-publish","has-post-thumbnail"],"acf":[],"_links":{"self":[{"href":"https:\/\/avanea.ch\/it\/wp-json\/wp\/v2\/pages\/2168","targetHints":{"allow":["GET"]}}],"collection":[{"href":"https:\/\/avanea.ch\/it\/wp-json\/wp\/v2\/pages"}],"about":[{"href":"https:\/\/avanea.ch\/it\/wp-json\/wp\/v2\/types\/page"}],"author":[{"embeddable":true,"href":"https:\/\/avanea.ch\/it\/wp-json\/wp\/v2\/users\/1"}],"replies":[{"embeddable":true,"href":"https:\/\/avanea.ch\/it\/wp-json\/wp\/v2\/comments?post=2168"}],"version-history":[{"count":2,"href":"https:\/\/avanea.ch\/it\/wp-json\/wp\/v2\/pages\/2168\/revisions"}],"predecessor-version":[{"id":2730,"href":"https:\/\/avanea.ch\/it\/wp-json\/wp\/v2\/pages\/2168\/revisions\/2730"}],"wp:featuredmedia":[{"embeddable":true,"href":"https:\/\/avanea.ch\/it\/wp-json\/wp\/v2\/media\/2069"}],"wp:attachment":[{"href":"https:\/\/avanea.ch\/it\/wp-json\/wp\/v2\/media?parent=2168"}],"curies":[{"name":"wp","href":"https:\/\/api.w.org\/{rel}","templated":true}]}}

<h3 class="wp-block-heading">Qui troverai le ultime notizie e gli sviluppi relativi ai nostri servizi e al mondo della previdenza professionale.
Che si tratti di importanti modifiche legislative, nuove opzioni di investimento o eventi, ti terremo sempre aggiornato. </h3>
<div class="gb-container gb-container-3afb82a9">

<div class="gb-grid-wrapper gb-grid-wrapper-1dbc0303 gb-query-loop-wrapper">
<div class="gb-grid-column gb-grid-column-353c815f gb-query-loop-item post-2237 post type-post status-publish format-standard hentry category-non-categorizzato"><div class="gb-container gb-container-353c815f">


<h2 class="gb-headline gb-headline-97235ab0 post_title gb-headline-text"><a href="https://avanea.ch/it/linnovazione-del-fondo-pensione-avanea-adesione-esterna-per-fasi-di-vita-flessibili/">L&#8217;innovazione di Avanea Cassa Pensioni: adesione esterna per fasi di vita flessibili</a></h2>

<p class="gb-headline gb-headline-a88f5181 gb-headline-text"><time class="entry-date published" datetime="2024-06-08T22:31:20+02:00">8 Giugno 2024</time></p>

<div class="gb-headline gb-headline-7968192c gb-headline-text">Siamo lieti di presentarvi un&#8217;importante novità Avanea Cassa Pensioni: L&#8217;adesione esterna è ora possibile! Questa opzione è rivolta agli assicurati &#8230; <a title="L&#8217;innovazione di Avanea Cassa Pensioni: adesione esterna per fasi di vita flessibili" class="read-more" href="https://avanea.ch/it/linnovazione-del-fondo-pensione-avanea-adesione-esterna-per-fasi-di-vita-flessibili/" aria-label="Per saperne di più su L&#8217;innovazione di Avanea Cassa Pensioni: adesione esterna per fasi di vita flessibili">Read more</a></div>

<p class="gb-headline gb-headline-cd39a51f single_post_link gb-headline-text"><a href="https://avanea.ch/it/linnovazione-del-fondo-pensione-avanea-adesione-esterna-per-fasi-di-vita-flessibili/">Leggi tutto</a></p>
</div></div>

<div class="gb-grid-column gb-grid-column-353c815f gb-query-loop-item post-2233 post type-post status-publish format-standard hentry category-non-categorizzato"><div class="gb-container gb-container-353c815f">


<h2 class="gb-headline gb-headline-97235ab0 post_title gb-headline-text"><a href="https://avanea.ch/it/nuovo-capitale-in-caso-di-morte-del-fondo-pensione-avanea-sostegno-immediato-in-caso-di-lutto/">Nuovo capitale in caso di morte di Avanea Cassa Pensioni: sostegno immediato in caso di lutto</a></h2>

<p class="gb-headline gb-headline-a88f5181 gb-headline-text"><time class="entry-date published" datetime="2024-06-08T22:26:48+02:00">8 Giugno 2024</time></p>

<div class="gb-headline gb-headline-7968192c gb-headline-text">Siamo lieti di annunciare un&#8217;importante modifica al Fondo Pensione Avanea: Con effetto immediato, un capitale fisso in caso di decesso &#8230; <a title="Nuovo capitale in caso di morte di Avanea Cassa Pensioni: sostegno immediato in caso di lutto" class="read-more" href="https://avanea.ch/it/nuovo-capitale-in-caso-di-morte-del-fondo-pensione-avanea-sostegno-immediato-in-caso-di-lutto/" aria-label="Per saperne di più su Nuovo capitale in caso di morte di Avanea Cassa Pensioni: sostegno immediato in caso di lutto">Read more</a></div>

<p class="gb-headline gb-headline-cd39a51f single_post_link gb-headline-text"><a href="https://avanea.ch/it/nuovo-capitale-in-caso-di-morte-del-fondo-pensione-avanea-sostegno-immediato-in-caso-di-lutto/">Leggi tutto</a></p>
</div></div>

<div class="gb-grid-column gb-grid-column-353c815f gb-query-loop-item post-2243 post type-post status-publish format-standard hentry category-non-categorizzato"><div class="gb-container gb-container-353c815f">


<h2 class="gb-headline gb-headline-97235ab0 post_title gb-headline-text"><a href="https://avanea.ch/it/nuova-offerta-del-fondo-pensione-avanea-pensionamento-graduale-in-5-fasi/">Nuova offerta di Avanea Cassa Pensioni: pensionamento graduale in 5 fasi</a></h2>

<p class="gb-headline gb-headline-a88f5181 gb-headline-text"><time class="entry-date published" datetime="2024-06-08T22:23:28+02:00">8 Giugno 2024</time></p>

<div class="gb-headline gb-headline-7968192c gb-headline-text">Siamo lieti di presentarvi una soluzione innovativa e flessibile per il vostro passaggio alla pensione: il pensionamento graduale in 5 &#8230; <a title="Nuova offerta di Avanea Cassa Pensioni: pensionamento graduale in 5 fasi" class="read-more" href="https://avanea.ch/it/nuova-offerta-del-fondo-pensione-avanea-pensionamento-graduale-in-5-fasi/" aria-label="Per saperne di più su Nuova offerta di Avanea Cassa Pensioni: pensionamento graduale in 5 fasi">Read more</a></div>

<p class="gb-headline gb-headline-cd39a51f single_post_link gb-headline-text"><a href="https://avanea.ch/it/nuova-offerta-del-fondo-pensione-avanea-pensionamento-graduale-in-5-fasi/">Leggi tutto</a></p>
</div></div>

<div class="gb-grid-column gb-grid-column-353c815f gb-query-loop-item post-2150 post type-post status-publish format-standard hentry category-non-categorizzato"><div class="gb-container gb-container-353c815f">


<h2 class="gb-headline gb-headline-97235ab0 post_title gb-headline-text"><a href="https://avanea.ch/it/il-nuovo-modello-pensionistico-90-90-di-avanea-pensionskasse-una-previdenza-innovativa-per-un-futuro-sicuro/">Il nuovo modello pensionistico 90/90 di Avanea Cassa Pensioni: una previdenza innovativa per un futuro sicuro</a></h2>

<p class="gb-headline gb-headline-a88f5181 gb-headline-text"><time class="entry-date published" datetime="2024-06-08T22:18:30+02:00">8 Giugno 2024</time></p>

<div class="gb-headline gb-headline-7968192c gb-headline-text">Siamo lieti di presentare il nostro nuovo modello pensionistico 90/90, ora disponibile per tutti gli iscritti al Fondo Pensione Avanea. &#8230; <a title="Il nuovo modello pensionistico 90/90 di Avanea Cassa Pensioni: una previdenza innovativa per un futuro sicuro" class="read-more" href="https://avanea.ch/it/il-nuovo-modello-pensionistico-90-90-di-avanea-pensionskasse-una-previdenza-innovativa-per-un-futuro-sicuro/" aria-label="Per saperne di più su Il nuovo modello pensionistico 90/90 di Avanea Cassa Pensioni: una previdenza innovativa per un futuro sicuro">Read more</a></div>

<p class="gb-headline gb-headline-cd39a51f single_post_link gb-headline-text"><a href="https://avanea.ch/it/il-nuovo-modello-pensionistico-90-90-di-avanea-pensionskasse-una-previdenza-innovativa-per-un-futuro-sicuro/">Leggi tutto</a></p>
</div></div>

<div class="gb-grid-column gb-grid-column-353c815f gb-query-loop-item post-2143 post type-post status-publish format-standard hentry category-non-categorizzato"><div class="gb-container gb-container-353c815f">


<h2 class="gb-headline gb-headline-97235ab0 post_title gb-headline-text"><a href="https://avanea.ch/it/il-fondo-pensione-avanea-festeggia-e-tu-ne-benefici/">Avanea Cassa Pensioni festeggia e voi ne beneficate</a></h2>

<p class="gb-headline gb-headline-a88f5181 gb-headline-text"><time class="entry-date published" datetime="2024-06-08T22:04:04+02:00">8 Giugno 2024</time></p>

<div class="gb-headline gb-headline-7968192c gb-headline-text">Avanea Cassa Pensioni è lieta di festeggiare quest&#8217;anno il suo 10° anniversario. Sin dalla nostra fondazione nel 2014, ci siamo &#8230; <a title="Avanea Cassa Pensioni festeggia e voi ne beneficate" class="read-more" href="https://avanea.ch/it/il-fondo-pensione-avanea-festeggia-e-tu-ne-benefici/" aria-label="Per saperne di più su Avanea Cassa Pensioni festeggia e voi ne beneficate">Read more</a></div>

<p class="gb-headline gb-headline-cd39a51f single_post_link gb-headline-text"><a href="https://avanea.ch/it/il-fondo-pensione-avanea-festeggia-e-tu-ne-benefici/">Leggi tutto</a></p>
</div></div>
</div>

</div>

<p>Qui troverai le ultime notizie e gli sviluppi relativi ai nostri servizi e al mondo della previdenza professionale. Che si &#8230; <a title="Ultime notizie" class="read-more" href="https://avanea.ch/it/ultime-notizie/" aria-label="Per saperne di più su Ultime notizie">Read more</a></p>
